{"id":9,"date":"2017-08-09T19:56:49","date_gmt":"2017-08-09T17:56:49","guid":{"rendered":"http:\/\/qi-gong-dlb.com\/?page_id=9"},"modified":"2018-07-06T12:03:00","modified_gmt":"2018-07-06T10:03:00","slug":"contact","status":"publish","type":"page","link":"https:\/\/qi-gong-dlb.com\/index.php\/contact\/","title":{"rendered":"Contact"},"content":{"rendered":"<p>Pour toute information sur les cours ou des stages\u00a0 me contacter \u00e0 l&rsquo;adresse suivante : dlbrule@gmail.com<br \/>\nou par t\u00e9l\u00e9phone au 06 73 19 95 33.<\/p>\n","protected":false},"excerpt":{"rendered":"<p>Pour toute information sur les cours ou des stages\u00a0 me contacter \u00e0 l&rsquo;adresse suivante : dlbrule@gmail.com ou par t\u00e9l\u00e9phone au 06 73 19 95 33.<\/p>\n","protected":false},"author":1,"featured_media":0,"parent":0,"menu_order":5,"comment_status":"closed","ping_status":"closed","template":"","meta":{"footnotes":""},"_links":{"self":[{"href":"https:\/\/qi-gong-dlb.com\/index.php\/wp-json\/wp\/v2\/pages\/9"}],"collection":[{"href":"https:\/\/qi-gong-dlb.com\/index.php\/wp-json\/wp\/v2\/pages"}],"about":[{"href":"https:\/\/qi-gong-dlb.com\/index.php\/wp-json\/wp\/v2\/types\/page"}],"author":[{"embeddable":true,"href":"https:\/\/qi-gong-dlb.com\/index.php\/wp-json\/wp\/v2\/users\/1"}],"replies":[{"embeddable":true,"href":"https:\/\/qi-gong-dlb.com\/index.php\/wp-json\/wp\/v2\/comments?post=9"}],"version-history":[{"count":7,"href":"https:\/\/qi-gong-dlb.com\/index.php\/wp-json\/wp\/v2\/pages\/9\/revisions"}],"predecessor-version":[{"id":111,"href":"https:\/\/qi-gong-dlb.com\/index.php\/wp-json\/wp\/v2\/pages\/9\/revisions\/111"}],"wp:attachment":[{"href":"https:\/\/qi-gong-dlb.com\/index.php\/wp-json\/wp\/v2\/media?parent=9"}],"curies":[{"name":"wp","href":"https:\/\/api.w.org\/{rel}","templated":true}]}}